highest common divisor of y and 1526?
14
Let b(q) = 5*q - 2. Let t be b(5). Let h(i) = i**3 - 21*i**2 - 45*i - 11. Let j be h(t). Calculate the greatest common factor of 84 and j.
12
Suppose -7*j + 11*j - 32580 = 0. Calculate the greatest common factor of 135 and j.
45
Suppose -4*w + 1749 = 3*c - 1649, -2*c = 5*w - 4244. What is the highest common factor of 689 and w?
53
Let s be (1977/6 + 3)/((-2)/4). Let g = 733 + s. Calculate the greatest common factor of 85 and g.
17
Let s = 179 - 167. Let k be 21/14 - 3/(-6). Suppose k*b - 14 = -5*x + 23, 3*x = b + 9. What is the greatest common divisor of s and b?
6
Let n be 2/(-5) - 10/(-50)*152. What is the greatest common divisor of 4335 and n?
15
Suppose 7*b = 8*b + 5*b. Suppose b*d - 6 = 2*d, 21 = 3*m - d. What is the highest common factor of 34 and m?
2
Let x be 9/3 - -23 - 0. Let k(w) = 6 + 5*w - 8*w + x. Let d be k(6). What is the greatest common divisor of d and 56?
14
Let s = -24 + 46. Let n = 41 - s. Suppose d = 99 - n. What is the greatest common divisor of d and 40?
40
Let b be 56/6 + 1 + 2/(-6). Suppose -b = -4*t - 50. Let l be (2 - t/(-8))/(1/52). Calculate the highest common factor of 26 and l.
13
Suppose -530 = -32*h + 206. Suppose -4*c + 3*c + h = 0. Calculate the greatest common factor of 184 and c.
23
Let f(n) = 2*n + 4. Let c be f(3). Let h(r) = 2 + 13 + 17*r - c*r - 6*r. Let v be h(3). Calculate the greatest common divisor of v and 144.
18
Suppose -5 - 35 = -8*g. Suppose -578 = -g*l + 352. Calculate the greatest common divisor of l and 248.
62
Let w(h) = 78*h**2 - 235*h + 16. Let b be w(4). What is the highest common factor of 156 and b?
12
Let x be ((-81)/4)/(11 - -11015*14/(-14000)). What is the highest common factor of x and 60?
30
Let n = 4743 + -2279. Calculate the greatest common divisor of n and 77.
77
Let n be (-4 - -2)*(1 + 1) + -153 + 217. What is the highest common factor of 2960 and n?
20
Suppose 5*j - 4*u = 2620, 354*u + 1572 = 3*j + 351*u. Calculate the greatest common factor of j and 131.
131
Let k(r) = -4*r**2 + 421*r - 1235. Let z be k(71). Calculate the highest common divisor of 132 and z.
44
Suppose 323 = 5*w - 1047 - 380. What is the highest common divisor of w and 49?
7
Let z be (-9)/((-36)/(-16)) - (-259 - 2). Suppose -4*n = 2*w - 444, 2*n = 3*w - 19 + z. Calculate the greatest common factor of n and 1.
1
Let p be ((-48)/(-32))/(3/1)*12. Suppose u - 19 = 5. Suppose -5*v + 24 = -3*i, 6*v - 3*v - u = -3*i. Calculate the highest common factor of v and p.
6
Let v(s) be the first derivative of 17 - 1/2*s**2 + 15*s. Let r be v(10). What is the greatest common divisor of r and 35?
5
Let g be 0 + -2 + -318 + -3. Let t = -190 - g. Suppose -4*v = 4*w - 6*w - 70, -v = 5*w - 34. What is the highest common divisor of t and v?
19
Let a be 161/28 - 1/(-4) - 291. Let c = a + 389. What is the highest common factor of 117 and c?
13
Suppose -2*n = -100 - 32. Suppose -18 = -3*d + 4*i, 9*d + 30 = 14*d - 8*i. Calculate the highest common factor of d and n.
6
Let z = 28 + -30. Let d be 6 - 2/(z + 0). Let c(i) = -i**2 + 9*i - 11. Let v be c(d). What is the greatest common divisor of 24 and v?
3
Let m(b) = -b**3 - 113*b + 0*b**2 - 14 + 98*b + 7*b**2 + 3*b**2. Let x be m(4). What is the greatest common divisor of x and 14?
2
Let z be 24/(-66) - (-1670)/55. Let d be (-3624)/(-33) - z/(-165). What is the greatest common divisor of d and 10?
10
Let y = 39 + -177. Let x = -76 - y. What is the highest common factor of x and 93?
31
Let d be (-30)/4 - -8 - (-4167)/6. Calculate the greatest common divisor of 10 and d.
5
Let b(s) = s**3 + 18*s**2 + 3*s + 18. Let d be b(-11). Let o = -353 + d. Suppose -15*a + 1201 = -o. Calculate the greatest common factor of a and 28.
28
Let x be 1/((-4)/(-136)) + 143/13 + -13. What is the highest common divisor of 352 and x?
32
Let i(c) = 25*c**2 + 2*c - c + 0*c - 5*c + 30 - c**3 + 6*c. Let v be i(25). Calculate the greatest common factor of 32 and v.
16
Let k = -6 + 10. Suppose -k*m + 5*m = 12. Suppose -183 = -2*j + 3*q, -238*q = -237*q + 5. Calculate the highest common factor of j and m.
12
Suppose 5*u = -2658 + 478. Let k = 520 + u. What is the highest common divisor of 112 and k?
28
Let r = -3 + 27. Let v = 2731 - 2671. Calculate the highest common divisor of r and v.
12
Let f = 20002 - 19282. What is the greatest common divisor of 2070 and f?
90
Suppose 22*k + 5*k - 13696 = 344. What is the greatest common factor of k and 104?
104
Let c be (-4)/3 + 128544/72. What is the greatest common divisor of c and 32?
8
Let w = -83 - -43. Let c be (-8)/(84/w - (-6)/3). Suppose 3*m - 2*m - 4 = 3*s, 5*m - 3*s = c. What is the greatest common factor of 133 and m?
19
Let t be (3978/45 - -7)/((-24)/(-80)). Calculate the highest common factor of t and 4293.
159
Suppose 2*f - f - 1 = i, 5*f + 22 = -4*i. Let w(s) = -3*s**3 + 4*s**2 + 3*s + 1. Let h be w(i). Let n = h + -64. What is the highest common factor of n and 9?
9
Suppose 32*h - 2415 = 11*h. What is the greatest common factor of 3565 and h?
115
Suppose 4*l - 5*o - 19 = 0, -6*l - 2*o + 65 = -l. Suppose 0 = -l*u + 124 + 272. Let p be (u/(-8))/(15/(-220)). Calculate the highest common divisor of 6 and p.
6
Let f(p) = p**2 + 417*p - 4671. Let o be f(11). What is the highest common factor of 19573 and o?
37
Let u(k) = -20*k - 922. Let m be u(-56). What is the highest common factor of m and 1518?
66
Let s = -189 + 244. Let p = 110 - 240. Let o = p - -405. What is the highest common factor of s and o?
55
Suppose -4*i = -3*l + i + 473, 4*i = 4*l - 644. Suppose 5*k - 2*a = 3*k + l, -80 = -k + 4*a. Let s = 317 - 296. Calculate the highest common factor of s and k.
21
Let d(f) = -3*f**3 + f**2 + 8*f + 8. Let k(o) = -2*o - 20. Let q be k(-9). Let n be d(q). Calculate the greatest common factor of 100 and n.
20
Let p = 143 + -141. Suppose -p*u + 1374 = 604. Calculate the greatest common factor of 35 and u.
35
Suppose 370*c - 3936 = 322*c. Let v(n) = 2*n**2 + 11*n - 31. Let i be v(-13). What is the greatest common divisor of c and i?
82
Let b(w) be the second derivative of -w**5/20 + w**3/2 + 207*w**2/2 + 45*w. Let s be b(0). Calculate the highest common divisor of s and 23.
23
Let o(j) = 2*j + 7. Let i be o(-1). Suppose -17*b + 14*b + i*q + 47 = 0, -2*b = -3*q - 33. What is the highest common factor of 96 and b?
24
Suppose 47*d + 3*t = 46*d + 19, -4*d - 5*t = -41. Calculate the highest common factor of d and 1324.
4
Let b be 25*6/30 - 0. Suppose 231 = 6*s + b*s. Calculate the highest common divisor of s and 42.
21
Let i(v) = -2*v + 60 + 2*v - 5*v + v. Let h be i(9). Calculate the greatest common factor of h and 192.
24
Let x(k) = -730*k + 45. Let p be x(-1). What is the highest common divisor of 465 and p?
155
Let c be 16046/994 - 12/(-14) - (9 - 4). Let l be (-6)/(-5)*(-6 + 11). Calculate the highest common factor of c and l.
6
Suppose -3*o + 5*z = -4096, 4*o + 162 = -4*z + 5698. What is the highest common divisor of o and 17?
17
Let c = 20 - 17. Suppose -14 = -2*t + p, 0 = -t + 2*p + 2 + 2. Let i be (-7 - -8)/((-2)/t) - -31. What is the highest common divisor of c and i?
3
Suppose -3*l - 2*t = 50, 4*t - 75 = 4*l + 5*t. Let a be (-6)/8 - 1415/l. Suppose 6*j - 112 = 2*j. What is the greatest common factor of a and j?
14
Suppose -19*s + 202 - 31 = 0. Let j = 129 - s. What is the highest common factor of 320 and j?
40
Suppose 6*l - 1102 = -178. Suppose -3*z - 14 = -v + 93, 0 = -3*v - z + 331. Calculate the greatest common divisor of l and v.
22
Suppose -2222*b + 2220*b - 2579 = -3*v, b = 2*v - 1720. What is the greatest common divisor of v and 105?
21
Suppose 8*n - 823 = 1385. Let q = -270 + n. Calculate the highest common divisor of q and 9.
3
Suppose 6*i = 5*i. Suppose -4*o + 5*q - q - 92 = i, -3*q - 106 = 4*o. Let n = o + 76. What is the greatest common divisor of 3 and n?
3
Let t(i) = 72*i - 147. Let x be t(4). Let m = 213 - 166. Calculate the highest common factor of m and x.
47
Let r(o) = 2*o**2 - o + 5. Let w(f) = 3*f**2 - 3*f + 4. Let t(p) = -7*r(p) + 6*w(p). Let d be t(-1). What is the greatest common divisor of d and 12?
4
Let b = -8519 + 8541. What is the greatest common factor of 404 and b?
2
Suppose -3*p + 199 = -35. Suppose -3*i = -4*b + p, 4*i = 5*b - 27 - 71. Suppose -316 - 4800 = -65*h - 436. What is the highes